divided by (1/5)/((-429)/(-15015))?
4
Let m(c) = -2*c**3 - 33*c**2 - 17*c + 17. Let h be m(-16). Let n be 1/(-1)*23*-3. Let w = n - h. What is the remainder when 105 is divided by w?
33
Let y(f) = 5 + 4*f - 4*f - 5*f**2 + f**3 - 10*f. Let k(m) = -m**3 + 8*m**2 - 5*m - 30. Calculate the remainder when y(7) is divided by k(6).
9
Suppose -24*b + 28*b - 99*b = -1900. Calculate the remainder when 1018 is divided by b.
18
Suppose 5*x - 50 - 140 = 0. Let b(q) = -q**3 + 8*q**2 - 11*q - 5. Let v(h) = 3*h**2 + 2. Let w be v(-1). What is the remainder when x is divided by b(w)?
8
Suppose -4*t + 3*d + 3510 = 1262, 2*t + 5*d - 1098 = 0. What is the remainder when t is divided by 149?
112
Suppose 3*d = -i + 11, -12 = -2*d - 2*d - 2*i. Suppose -w + d*w = 12. Calculate the remainder when (181/(-362))/(30/20*(-2)/48) is divided by w.
2
Suppose 0 = -x + 5*r + 67 + 337, -x + r + 380 = 0. Calculate the remainder when x is divided by 3.
2
Suppose 5*s = -4*i + 401, -3*i + 288 = -4*s - 36. Suppose i*u = 100*u + 156. Calculate the remainder when u is divided by 10.
9
Suppose 558 = d - 4*d + 6*d. Calculate the remainder when 853 is divided by d.
109
Let q(v) = 393*v + 150. What is the remainder when 427 is divided by q(0)?
127
Suppose -7*f - 636 = -10*f + 4*z, -196 = -f - 4*z. Let i(x) = -3*x**3 - 7*x**2 - 4*x - 11. What is the remainder when f is divided by i(-3)?
18
Let f(x) = 25*x**2 - 14*x - 3. Calculate the remainder when 1002 is divided by f(1).
2
Let p = 9395 - 5034. Calculate the remainder when p is divided by 45.
41
Calculate the remainder when 394 is divided by -197*(-2 - (0 + -4 + 3)).
0
Let b be (-2 - -13 - (-4 - -8)) + -1. What is the remainder when 15 is divided by 34/b + (-13)/(-39)?
3
Let b(j) = 5*j**2 - j**2 - 6 + 2*j**2 - j**2 - 139*j**3 + 166*j**3. Calculate the remainder when b(2) is divided by 18.
14
Let n(c) = -18*c + 22*c + 4 - 6. What is the remainder when 21 is divided by n(4)?
7
Let i(k) = -k**2 + k + 185. What is the remainder when i(0) is divided by 32 + (104/(-6))/(808/606)?
14
Let r(y) = y - 2. Let p be r(2). Let g be 1*(15 - (p - 2)/2). Suppose g = 36*c - 35*c. What is the remainder when 127 is divided by c?
15
Suppose 4*p - 45 = p. Let b(l) = 1993*l + 125793. Calculate the remainder when b(-63) is divided by p.
9
Let r(n) = 25*n + 378. Let s(b) = 26*b + 375. Let j(m) = 5*r(m) - 4*s(m). Let o = 78 + -46. Calculate the remainder when o is divided by j(-18).
8
Let l = 148 + -123. Let m(k) = -l + 7*k + 3 - 9 + 0. What is the remainder when 42 is divided by m(6)?
9
Let b(n) = 7*n - 104. Let t be b(29). Suppose -81*g + 72*g + t = 0. Calculate the remainder when 31 is divided by g.
9
Suppose 0 = -53*v + 48*v + u + 6250, -4*u = v - 1250. What is the remainder when v is divided by 33?
29
Let z(g) = -4*g**2 - 9*g + 13. Calculate the remainder when 30 is divided by z(-3).
2
Calculate the remainder when 487 is divided by -1 - -69 - (-6)/(-7)*(193 - 186).
53
Suppose 5*k + 28*x - 26*x - 1995 = 0, -4*k + 1578 = -2*x. What is the remainder when k is divided by 37?
27
Let k = 30 - 11. Suppose 2*n - 3*b - 25 = -9, -k = -3*n + 2*b. Calculate the remainder when 54 is divided by n.
4
Suppose 2*f + 41 = 5*c - 0*f, -c + 3*f + 16 = 0. Suppose -4*o - o = -4*q - 183, 66 = 2*o - 4*q. What is the remainder when o is divided by c?
4
Calculate the remainder when 2779 is divided by 5/(-15)*4 - (-333)/27.
7
Let k(v) = 895*v**2 - 15*v - 12. Calculate the remainder when k(-1) is divided by 78.
40
What is the remainder when -12*452*(-13)/208 is divided by 19?
16
What is the remainder when (-11 + (-783)/(-45))*(-13 - -198) is divided by 35?
29
Suppose -9*v = 2152 - 10567. Let u = v + -697. Calculate the remainder when u is divided by 67.
37
Let v(q) = q**2 - 6*q - 36. Suppose -49*r - 20 = -44*r. Calculate the remainder when 24 is divided by v(r).
0
Suppose t = 1, -3*t - 2*t - 1645 = -5*m. Suppose 5*v - m = -10*v. Calculate the remainder when v is divided by 11.
0
Calculate the remainder when (6/9)/(8/12) - 264/(-1) is divided by 93.
79
Let i = 453 + -450. Suppose j - 5 = 5*z + i, z = 3*j - 38. Calculate the remainder when 73 is divided by j.
8
Let n(d) = 495*d + 2002. What is the remainder when 1407 is divided by n(-4)?
21
Let s(f) = -3 + 3*f + 4 - 4 + 4*f**2. Suppose 28*x - 5*n = 26*x + 11, 4*x - 67 = -5*n. What is the remainder when s(-3) is divided by x?
11
Let v = -12592 - -12620. What is the remainder when v is divided by 8/2 - (-3 + -7)?
0
Suppose -2964*x = -2928*x - 13824. Calculate the remainder when x is divided by 80.
64
Suppose -4*y + 22 + 38 = 3*g, -g = 4. Calculate the remainder when 67 is divided by y.
13
Let g(f) = 8*f**2 + 328*f - 7. What is the remainder when g(-54) is divided by 10?
9
Suppose 0 = 2*s + 2*s - 136. Let j(c) = -2*c**3 + 2*c**2 + 10*c - 1. Let p be j(0). What is the remainder when 5491/85 - p/((-10)/(-4)) is divided by s?
31
Suppose 0 = -5*l - z - 198, -5*z + 70 + 20 = -2*l. Suppose -3*o = -0*o + 132. Let x = l - o. What is the remainder when 11 is divided by x?
3
Suppose -6*j - 4 = -5*j. Let r be ((-3)/j)/((-6)/24). Let s(m) = 2*m**2 - 2*m + 4. Calculate the remainder when s(r) is divided by 5.
3
Suppose 0 = 22*a - 27*a + 2745. Let k = -525 + a. Calculate the remainder when 215 is divided by k.
23
Suppose 2*i + 5*h = 651, 3*i - 707 - 282 = 5*h. What is the remainder when i is divided by 116?
96
Let r = 6494 - 6456. Calculate the remainder when 447 is divided by r.
29
Suppose -60 = -3*l - 8*z + 5*z, 3*z + 72 = 3*l. What is the remainder when (-3)/(-2)*(-16608)/(-144) is divided by l?
19
Let q(l) = -l**2 - 111*l - 1594. Calculate the remainder when q(-76) is divided by 430.
206
Let o(f) = -f**3 - 8*f**2 + 18*f - 21. Let b be o(-10). Let p(q) = -990*q - 3. Let i be p(-1). Calculate the remainder when 83 is divided by b/5 + i/35.
27
Let j(x) be the third derivative of x**6/120 - 11*x**5/60 + 7*x**4/8 + x**3/6 + 31*x**2. Calculate the remainder when j(11) is divided by (46*-1 - 1)/(-1).
44
Suppose -93 = 9*q - 876. Let l(a) = -7*a**2 + 2*a + 2. Let t be l(2). Calculate the remainder when q is divided by (-1 + 4)*t/(-6).
10
Suppose 0 = -v - 3*n + 24, v = -0*n + n + 4. Let u be 9/(-6)*96/(-9). Calculate the remainder when (-4)/(8/(-3)) + 248/u is divided by v.
8
Let s(d) = -d**2 - 84*d - 852. What is the remainder when 5938 is divided by s(-12)?
10
What is the remainder when 4429 is divided by (1 - 10/(-4))*(-2340)/(-819)?
9
Suppose 14*o = 7*o + 875. Suppose -24*x = -3*b - 26*x + 69, 0 = -2*b + 4*x + 30. Calculate the remainder when o is divided by b.
20
What is the remainder when 2650 is divided by (19 + (-1344)/72)*8*321?
82
What is the remainder when 860 is divided by (-849)/48*(10 - 14)*4?
11
Suppose -2*x - 3*w - 12 = 0, 1 = 5*x - w + 14. Let s = 34 + x. Let k = -18 - -35. Calculate the remainder when s is divided by k.
14
Let k(t) = -3*t**2 - 258*t + 240*t + 6*t**2 + 25. What is the remainder when k(13) is divided by 16?
10
What is the remainder when 11098 is divided by 5/(-3) + 7400/120?
58
Suppose -39 = 3*t + 102. Let z = t - -312. What is the remainder when z is divided by 54?
49
Suppose -272*x + 271*x = -154. Calculate the remainder when x is divided by 82.
72
Suppose 187 = -16*j + 619. Let p = 507 + -355. Calculate the remainder when p is divided by j.
17
Suppose -2*f = -7*f - 135. Let s = -15 - f. What is the remainder when ((-471)/30 - 1/(-5))*-2 is divided by s?
7
Let d = 33 + 18. Suppose 29*j - 11004 = 770. Calculate the remainder when j is divided by d.
49
Let z = 11426 - 9086. Calculate the remainder when z is divided by 8.
4
Suppose k = -109 + 178. Suppose 0*u + 5*x = -u + k, 4*x + 69 = u. What is the remainder when u is divided by 15?
9
Let t(v) = 28*v**3 - 3*v**2 - 4*v. Let u be t(-2). Let k = u - -413. What is the remainder when k is divided by 62?
61
Let q(i) = i**2 + 18*i + 135. What is the remainder when (-3245)/(-1947) + (-3)/((-9)/904) is divided by q(-16)?
97
Suppose 9*z - 142 - 1694 = 0. Suppose 17*w - 5*w = z. Let k(l) = -l**3 - 13*l**2 + 11*l + 7. Calculate the remainder when k(-14) is divided by w.
15
Let s = -26 + 42. Calculate the remainder when ((-2904)/(-9) - 2 - 1) + (-22)/33 is divided by s.
15
Suppose -26*n = 1832 - 5420. What is the remainder when n is divided by 5?
3
Suppose 24 = -4*o - 5*z, 0*o + 5*o - 2